{"id":699,"date":"2024-03-07T09:45:05","date_gmt":"2024-03-07T08:45:05","guid":{"rendered":"https:\/\/plugncharge.eu\/izdelek\/11kw-wandladegeraet\/"},"modified":"2024-03-07T09:45:05","modified_gmt":"2024-03-07T08:45:05","slug":"11kw-wandladegeraet","status":"publish","type":"product","link":"https:\/\/plugncharge.eu\/de\/produkt\/11kw-wandladegeraet\/","title":{"rendered":"11kW Wandladeger\u00e4t"},"content":{"rendered":"<p><strong>Wandladeger\u00e4t f\u00fcr Elektroautos<\/strong><\/p>\n<ul>\n<li>Dreiphasiger Anschluss<\/li>\n<li>Typ 2 Stecker<\/li>\n<li>Stromst\u00e4rke 8A-16A einstellbar<\/li>\n<li>LCD-Anzeige<\/li>\n<li>WiFi- und Bluetooth-Konnektivit\u00e4t<\/li>\n<li>Verwaltung der App<\/li>\n<li>Buchungszeit<\/li>\n<li>RFID-Karte<\/li>\n<\/ul>\n<p>L\u00e4nge des Ladekabels: 5 m<\/p>\n<p><strong>Schutzma\u00dfnahmen:<\/strong><\/p>\n<ul>\n<li>Ableitstromschutz<\/li>\n<li>\u00dcberstromschutz<\/li>\n<li>\u00dcberspannungsschutz<\/li>\n<li>Schutz gegen Spannungsschwankungen<\/li>\n<li>Temperaturschutz<\/li>\n<\/ul>\n<p><strong>Umweltbedingungen:<\/strong><\/p>\n<ul>\n<li>Schutzart IP65<\/li>\n<li>Betriebstemperatur: -30\u00b0C &#8211; 50\u00b0C<\/li>\n<li>Relative Umgebungsfeuchtigkeit: 5% &#8211; 95% nicht kondensierend<\/li>\n<li>K\u00fchlung: Luftk\u00fchlung<\/li>\n<\/ul>\n<p><strong>Benutzeroberfl\u00e4che:<\/strong><\/p>\n<ul>\n<li>Gro\u00dfes LCD-Farbdisplay<\/li>\n<li>Taste zur Auswahl des Ladestroms<\/li>\n<li>Taste zur Auswahl der Zeiteinstellungen<\/li>\n<li>Not-Aus-Taste<\/li>\n<li>RFID-Kartenleser<\/li>\n<\/ul>\n<p><strong>App-Kontrolle:<\/strong><\/p>\n<ul>\n<li>WiFi- und Bluetooth-Schnittstelle<\/li>\n<li>Steuerung \u00fcber Smartphone-App<\/li>\n<\/ul>\n<p>&nbsp;<\/p>\n","protected":false},"excerpt":{"rendered":"<p>Wandladeger\u00e4t f\u00fcr Elektroautos<\/p>\n","protected":false},"featured_media":1135,"comment_status":"open","ping_status":"closed","template":"","meta":[],"product_cat":[],"product_tag":[],"class_list":{"0":"post-699","1":"product","2":"type-product","3":"status-publish","4":"has-post-thumbnail","7":"first","8":"instock","9":"taxable","10":"shipping-taxable","11":"purchasable","12":"product-type-simple"},"yoast_head":"<!-- This site is optimized with the Yoast SEO plugin v22.4 - https:\/\/yoast.com\/wordpress\/plugins\/seo\/ -->\n<title>11kW Wandladeger\u00e4t - plugncharge.eu<\/title>\n<meta name=\"robots\" content=\"index, follow, max-snippet:-1, max-image-preview:large, max-video-preview:-1\" \/>\n<link rel=\"canonical\" href=\"https:\/\/plugncharge.eu\/de\/produkt\/11kw-wandladegeraet\/\" \/>\n<meta property=\"og:locale\" content=\"de_DE\" \/>\n<meta property=\"og:type\" content=\"article\" \/>\n<meta property=\"og:title\" content=\"11kW Wandladeger\u00e4t - plugncharge.eu\" \/>\n<meta property=\"og:description\" content=\"Wandladeger\u00e4t f\u00fcr Elektroautos\" \/>\n<meta property=\"og:url\" content=\"https:\/\/plugncharge.eu\/de\/produkt\/11kw-wandladegeraet\/\" \/>\n<meta property=\"og:site_name\" content=\"plugncharge.eu\" \/>\n<meta property=\"og:image\" content=\"https:\/\/plugncharge.eu\/wp-content\/uploads\/2024\/03\/plug-n-charge-wall-03.webp\" \/>\n\t<meta property=\"og:image:width\" content=\"908\" \/>\n\t<meta property=\"og:image:height\" content=\"908\" \/>\n\t<meta property=\"og:image:type\" content=\"image\/webp\" \/>\n<meta name=\"twitter:card\" content=\"summary_large_image\" \/>\n<script type=\"application\/ld+json\" class=\"yoast-schema-graph\">{\"@context\":\"https:\/\/schema.org\",\"@graph\":[{\"@type\":\"WebPage\",\"@id\":\"https:\/\/plugncharge.eu\/de\/produkt\/11kw-wandladegeraet\/\",\"url\":\"https:\/\/plugncharge.eu\/de\/produkt\/11kw-wandladegeraet\/\",\"name\":\"11kW Wandladeger\u00e4t - plugncharge.eu\",\"isPartOf\":{\"@id\":\"https:\/\/plugncharge.eu\/de\/#website\"},\"primaryImageOfPage\":{\"@id\":\"https:\/\/plugncharge.eu\/de\/produkt\/11kw-wandladegeraet\/#primaryimage\"},\"image\":{\"@id\":\"https:\/\/plugncharge.eu\/de\/produkt\/11kw-wandladegeraet\/#primaryimage\"},\"thumbnailUrl\":\"https:\/\/plugncharge.eu\/wp-content\/uploads\/2024\/03\/plug-n-charge-wall-03.webp\",\"datePublished\":\"2024-03-07T08:45:05+00:00\",\"dateModified\":\"2024-03-07T08:45:05+00:00\",\"breadcrumb\":{\"@id\":\"https:\/\/plugncharge.eu\/de\/produkt\/11kw-wandladegeraet\/#breadcrumb\"},\"inLanguage\":\"de\",\"potentialAction\":[{\"@type\":\"ReadAction\",\"target\":[\"https:\/\/plugncharge.eu\/de\/produkt\/11kw-wandladegeraet\/\"]}]},{\"@type\":\"ImageObject\",\"inLanguage\":\"de\",\"@id\":\"https:\/\/plugncharge.eu\/de\/produkt\/11kw-wandladegeraet\/#primaryimage\",\"url\":\"https:\/\/plugncharge.eu\/wp-content\/uploads\/2024\/03\/plug-n-charge-wall-03.webp\",\"contentUrl\":\"https:\/\/plugncharge.eu\/wp-content\/uploads\/2024\/03\/plug-n-charge-wall-03.webp\",\"width\":908,\"height\":908},{\"@type\":\"BreadcrumbList\",\"@id\":\"https:\/\/plugncharge.eu\/de\/produkt\/11kw-wandladegeraet\/#breadcrumb\",\"itemListElement\":[{\"@type\":\"ListItem\",\"position\":1,\"name\":\"Home\",\"item\":\"https:\/\/plugncharge.eu\/de\/\"},{\"@type\":\"ListItem\",\"position\":2,\"name\":\"Shop &#8211; old\",\"item\":\"https:\/\/plugncharge.eu\/de\/shop-old\/\"},{\"@type\":\"ListItem\",\"position\":3,\"name\":\"11kW Wandladeger\u00e4t\"}]},{\"@type\":\"WebSite\",\"@id\":\"https:\/\/plugncharge.eu\/de\/#website\",\"url\":\"https:\/\/plugncharge.eu\/de\/\",\"name\":\"napolni.eu\",\"description\":\"\",\"publisher\":{\"@id\":\"https:\/\/plugncharge.eu\/de\/#organization\"},\"potentialAction\":[{\"@type\":\"SearchAction\",\"target\":{\"@type\":\"EntryPoint\",\"urlTemplate\":\"https:\/\/plugncharge.eu\/de\/?s={search_term_string}\"},\"query-input\":\"required name=search_term_string\"}],\"inLanguage\":\"de\"},{\"@type\":\"Organization\",\"@id\":\"https:\/\/plugncharge.eu\/de\/#organization\",\"name\":\"PSE d.o.o.\",\"url\":\"https:\/\/plugncharge.eu\/de\/\",\"logo\":{\"@type\":\"ImageObject\",\"inLanguage\":\"de\",\"@id\":\"https:\/\/plugncharge.eu\/de\/#\/schema\/logo\/image\/\",\"url\":\"https:\/\/plugncharge.eu\/wp-content\/uploads\/2024\/03\/plugncharge-logo-h-350px.png\",\"contentUrl\":\"https:\/\/plugncharge.eu\/wp-content\/uploads\/2024\/03\/plugncharge-logo-h-350px.png\",\"width\":350,\"height\":100,\"caption\":\"PSE d.o.o.\"},\"image\":{\"@id\":\"https:\/\/plugncharge.eu\/de\/#\/schema\/logo\/image\/\"},\"sameAs\":[\"https:\/\/si.linkedin.com\/company\/pse-poslovne-komunikacije-d-o-o-\"]}]}<\/script>\n<!-- \/ Yoast SEO plugin. -->","yoast_head_json":{"title":"11kW Wandladeger\u00e4t - plugncharge.eu","robots":{"index":"index","follow":"follow","max-snippet":"max-snippet:-1","max-image-preview":"max-image-preview:large","max-video-preview":"max-video-preview:-1"},"canonical":"https:\/\/plugncharge.eu\/de\/produkt\/11kw-wandladegeraet\/","og_locale":"de_DE","og_type":"article","og_title":"11kW Wandladeger\u00e4t - plugncharge.eu","og_description":"Wandladeger\u00e4t f\u00fcr Elektroautos","og_url":"https:\/\/plugncharge.eu\/de\/produkt\/11kw-wandladegeraet\/","og_site_name":"plugncharge.eu","og_image":[{"width":908,"height":908,"url":"https:\/\/plugncharge.eu\/wp-content\/uploads\/2024\/03\/plug-n-charge-wall-03.webp","type":"image\/webp"}],"twitter_card":"summary_large_image","schema":{"@context":"https:\/\/schema.org","@graph":[{"@type":"WebPage","@id":"https:\/\/plugncharge.eu\/de\/produkt\/11kw-wandladegeraet\/","url":"https:\/\/plugncharge.eu\/de\/produkt\/11kw-wandladegeraet\/","name":"11kW Wandladeger\u00e4t - plugncharge.eu","isPartOf":{"@id":"https:\/\/plugncharge.eu\/de\/#website"},"primaryImageOfPage":{"@id":"https:\/\/plugncharge.eu\/de\/produkt\/11kw-wandladegeraet\/#primaryimage"},"image":{"@id":"https:\/\/plugncharge.eu\/de\/produkt\/11kw-wandladegeraet\/#primaryimage"},"thumbnailUrl":"https:\/\/plugncharge.eu\/wp-content\/uploads\/2024\/03\/plug-n-charge-wall-03.webp","datePublished":"2024-03-07T08:45:05+00:00","dateModified":"2024-03-07T08:45:05+00:00","breadcrumb":{"@id":"https:\/\/plugncharge.eu\/de\/produkt\/11kw-wandladegeraet\/#breadcrumb"},"inLanguage":"de","potentialAction":[{"@type":"ReadAction","target":["https:\/\/plugncharge.eu\/de\/produkt\/11kw-wandladegeraet\/"]}]},{"@type":"ImageObject","inLanguage":"de","@id":"https:\/\/plugncharge.eu\/de\/produkt\/11kw-wandladegeraet\/#primaryimage","url":"https:\/\/plugncharge.eu\/wp-content\/uploads\/2024\/03\/plug-n-charge-wall-03.webp","contentUrl":"https:\/\/plugncharge.eu\/wp-content\/uploads\/2024\/03\/plug-n-charge-wall-03.webp","width":908,"height":908},{"@type":"BreadcrumbList","@id":"https:\/\/plugncharge.eu\/de\/produkt\/11kw-wandladegeraet\/#breadcrumb","itemListElement":[{"@type":"ListItem","position":1,"name":"Home","item":"https:\/\/plugncharge.eu\/de\/"},{"@type":"ListItem","position":2,"name":"Shop &#8211; old","item":"https:\/\/plugncharge.eu\/de\/shop-old\/"},{"@type":"ListItem","position":3,"name":"11kW Wandladeger\u00e4t"}]},{"@type":"WebSite","@id":"https:\/\/plugncharge.eu\/de\/#website","url":"https:\/\/plugncharge.eu\/de\/","name":"napolni.eu","description":"","publisher":{"@id":"https:\/\/plugncharge.eu\/de\/#organization"},"potentialAction":[{"@type":"SearchAction","target":{"@type":"EntryPoint","urlTemplate":"https:\/\/plugncharge.eu\/de\/?s={search_term_string}"},"query-input":"required name=search_term_string"}],"inLanguage":"de"},{"@type":"Organization","@id":"https:\/\/plugncharge.eu\/de\/#organization","name":"PSE d.o.o.","url":"https:\/\/plugncharge.eu\/de\/","logo":{"@type":"ImageObject","inLanguage":"de","@id":"https:\/\/plugncharge.eu\/de\/#\/schema\/logo\/image\/","url":"https:\/\/plugncharge.eu\/wp-content\/uploads\/2024\/03\/plugncharge-logo-h-350px.png","contentUrl":"https:\/\/plugncharge.eu\/wp-content\/uploads\/2024\/03\/plugncharge-logo-h-350px.png","width":350,"height":100,"caption":"PSE d.o.o."},"image":{"@id":"https:\/\/plugncharge.eu\/de\/#\/schema\/logo\/image\/"},"sameAs":["https:\/\/si.linkedin.com\/company\/pse-poslovne-komunikacije-d-o-o-"]}]}},"jetpack_sharing_enabled":true,"_links":{"self":[{"href":"https:\/\/plugncharge.eu\/de\/wp-json\/wp\/v2\/product\/699","targetHints":{"allow":["GET"]}}],"collection":[{"href":"https:\/\/plugncharge.eu\/de\/wp-json\/wp\/v2\/product"}],"about":[{"href":"https:\/\/plugncharge.eu\/de\/wp-json\/wp\/v2\/types\/product"}],"replies":[{"embeddable":true,"href":"https:\/\/plugncharge.eu\/de\/wp-json\/wp\/v2\/comments?post=699"}],"wp:featuredmedia":[{"embeddable":true,"href":"https:\/\/plugncharge.eu\/de\/wp-json\/wp\/v2\/media\/1135"}],"wp:attachment":[{"href":"https:\/\/plugncharge.eu\/de\/wp-json\/wp\/v2\/media?parent=699"}],"wp:term":[{"taxonomy":"product_cat","embeddable":true,"href":"https:\/\/plugncharge.eu\/de\/wp-json\/wp\/v2\/product_cat?post=699"},{"taxonomy":"product_tag","embeddable":true,"href":"https:\/\/plugncharge.eu\/de\/wp-json\/wp\/v2\/product_tag?post=699"}],"curies":[{"name":"wp","href":"https:\/\/api.w.org\/{rel}","templated":true}]}}

11kW Wandladegerät

<p><strong>Wandladegerät für Elektroautos</strong></p>
<ul>
<li>Dreiphasiger Anschluss</li>
<li>Typ 2 Stecker</li>
<li>Stromstärke 8A-16A einstellbar</li>
<li>LCD-Anzeige</li>
<li>WiFi- und Bluetooth-Konnektivität</li>
<li>Verwaltung der App</li>
<li>Buchungszeit</li>
<li>RFID-Karte</li>
</ul>
<p>Länge des Ladekabels: 5 m</p>
<p><strong>Schutzmaßnahmen:</strong></p>
<ul>
<li>Ableitstromschutz</li>
<li>Überstromschutz</li>
<li>Überspannungsschutz</li>
<li>Schutz gegen Spannungsschwankungen</li>
<li>Temperaturschutz</li>
</ul>
<p><strong>Umweltbedingungen:</strong></p>
<ul>
<li>Schutzart IP65</li>
<li>Betriebstemperatur: -30°C &#8211; 50°C</li>
<li>Relative Umgebungsfeuchtigkeit: 5% &#8211; 95% nicht kondensierend</li>
<li>Kühlung: Luftkühlung</li>
</ul>
<p><strong>Benutzeroberfläche:</strong></p>
<ul>
<li>Großes LCD-Farbdisplay</li>
<li>Taste zur Auswahl des Ladestroms</li>
<li>Taste zur Auswahl der Zeiteinstellungen</li>
<li>Not-Aus-Taste</li>
<li>RFID-Kartenleser</li>
</ul>
<p><strong>App-Kontrolle:</strong></p>
<ul>
<li>WiFi- und Bluetooth-Schnittstelle</li>
<li>Steuerung über Smartphone-App</li>
</ul>
<p>&nbsp;</p>

<p>Wandladegerät für Elektroautos</p>

<!-- This site is optimized with the Yoast SEO plugin v22.4 - https://yoast.com/wordpress/plugins/seo/ -->
<title>11kW Wandladegerät - plugncharge.eu</title>
<meta name="robots" content="index, follow, max-snippet:-1, max-image-preview:large, max-video-preview:-1" />
<link rel="canonical" href="https://plugncharge.eu/de/produkt/11kw-wandladegeraet/" />
<meta property="og:locale" content="de_DE" />
<meta property="og:type" content="article" />
<meta property="og:title" content="11kW Wandladegerät - plugncharge.eu" />
<meta property="og:description" content="Wandladegerät für Elektroautos" />
<meta property="og:url" content="https://plugncharge.eu/de/produkt/11kw-wandladegeraet/" />
<meta property="og:site_name" content="plugncharge.eu" />
<meta property="og:image" content="https://plugncharge.eu/wp-content/uploads/2024/03/plug-n-charge-wall-03.webp" />
	<meta property="og:image:width" content="908" />
	<meta property="og:image:height" content="908" />
	<meta property="og:image:type" content="image/webp" />
<meta name="twitter:card" content="summary_large_image" />
<script type="application/ld+json" class="yoast-schema-graph">{"@context":"https://schema.org","@graph":[{"@type":"WebPage","@id":"https://plugncharge.eu/de/produkt/11kw-wandladegeraet/","url":"https://plugncharge.eu/de/produkt/11kw-wandladegeraet/","name":"11kW Wandladegerät - plugncharge.eu","isPartOf":{"@id":"https://plugncharge.eu/de/#website"},"primaryImageOfPage":{"@id":"https://plugncharge.eu/de/produkt/11kw-wandladegeraet/#primaryimage"},"image":{"@id":"https://plugncharge.eu/de/produkt/11kw-wandladegeraet/#primaryimage"},"thumbnailUrl":"https://plugncharge.eu/wp-content/uploads/2024/03/plug-n-charge-wall-03.webp","datePublished":"2024-03-07T08:45:05+00:00","dateModified":"2024-03-07T08:45:05+00:00","breadcrumb":{"@id":"https://plugncharge.eu/de/produkt/11kw-wandladegeraet/#breadcrumb"},"inLanguage":"de","potentialAction":[{"@type":"ReadAction","target":["https://plugncharge.eu/de/produkt/11kw-wandladegeraet/"]}]},{"@type":"ImageObject","inLanguage":"de","@id":"https://plugncharge.eu/de/produkt/11kw-wandladegeraet/#primaryimage","url":"https://plugncharge.eu/wp-content/uploads/2024/03/plug-n-charge-wall-03.webp","contentUrl":"https://plugncharge.eu/wp-content/uploads/2024/03/plug-n-charge-wall-03.webp","width":908,"height":908},{"@type":"BreadcrumbList","@id":"https://plugncharge.eu/de/produkt/11kw-wandladegeraet/#breadcrumb","itemListElement":[{"@type":"ListItem","position":1,"name":"Home","item":"https://plugncharge.eu/de/"},{"@type":"ListItem","position":2,"name":"Shop &#8211; old","item":"https://plugncharge.eu/de/shop-old/"},{"@type":"ListItem","position":3,"name":"11kW Wandladegerät"}]},{"@type":"WebSite","@id":"https://plugncharge.eu/de/#website","url":"https://plugncharge.eu/de/","name":"napolni.eu","description":"","publisher":{"@id":"https://plugncharge.eu/de/#organization"},"potentialAction":[{"@type":"SearchAction","target":{"@type":"EntryPoint","urlTemplate":"https://plugncharge.eu/de/?s={search_term_string}"},"query-input":"required name=search_term_string"}],"inLanguage":"de"},{"@type":"Organization","@id":"https://plugncharge.eu/de/#organization","name":"PSE d.o.o.","url":"https://plugncharge.eu/de/","logo":{"@type":"ImageObject","inLanguage":"de","@id":"https://plugncharge.eu/de/#/schema/logo/image/","url":"https://plugncharge.eu/wp-content/uploads/2024/03/plugncharge-logo-h-350px.png","contentUrl":"https://plugncharge.eu/wp-content/uploads/2024/03/plugncharge-logo-h-350px.png","width":350,"height":100,"caption":"PSE d.o.o."},"image":{"@id":"https://plugncharge.eu/de/#/schema/logo/image/"},"sameAs":["https://si.linkedin.com/company/pse-poslovne-komunikacije-d-o-o-"]}]}</script>
<!-- / Yoast SEO plugin. -->

11kW Wandladegerät - plugncharge.eu

Wandladegerät für Elektroautos
